3 + -3 + (-6 - -1))).
4
Calculate (-2 - 15) + (10 - (-31 + -6)).
30
What is 5 + -5 + -2 + 4?
2
What is -34 - (-24 + -5) - ((3 - 1) + 10)?
-17
Evaluate (1 - 14) + (-16 - -22).
-7
7 + 39 + (-101 - -64)
9
What is 44 + -25 + (-2 - 1)?
16
What is -22 - (-37 + 31 - -1)?
-17
What is the value of -6 + -11 + 0 + 22 + -17?
-12
Calculate -41 - (41 - (95 + -49)).
-36
What is 51 + -50 - (-2 + (-15 - 0))?
18
Evaluate 34 + (-12 - 30) + 5.
-3
Calculate (2 - 5) + (-7 - (-5 + -11)).
6
Calculate (-16 - 0) + -12 + 16 - (1 + -2).
-11
(10 - 5) + (15 - -11)
31
(51 - (113 + -57)) + 0 + 2
-3
Calculate -17 + 21 - (-5 + 6).
3
Evaluate (4 - 6) + 3 + -4.
-3
What is the value of (1 - -48) + -2 + 0 + 143 + -152?
38
Evaluate 5 - (7 - 7) - -2.
7
Evaluate -23 - -19 - 8 - (1 + 0).
-13
Evaluate 5 + -10 + -12 + 10.
-7
Calculate -11 + (-11 - (15 - 13)) + 5.
-19
What is (-377 - -396) + 0 + -13?
6
(1 - -4) + 4 - (13 - 1)
-3
Evaluate -3 + 3 + 3 + 7 + 46 + -65.
-9
What is the value of -1 - ((4 - 15) + -3)?
13
What is -6 - ((-2 - (-6 + 3)) + 35 + -35)?
-7
1 + 1 + 1 + -43 + (67 - 25)
2
What is -2 - (-1 + 4) - (-10 + 49 + -20)?
-24
Evaluate 20 - (-3 + 15 + 23 + -26).
11
Calculate (-33 - (52 + -77)) + 1 + 17.
10
Evaluate 3 - (-8 + (-6 - 7 - (-4 - 2))).
18
Evaluate (1 - -6) + 8 + (-11 - 1).
3
Calculate 0 + 4 - (77 - 17 - 29).
-27
Calculate 3 - (-16 + 30 - 14).
3
10 + (-30 - -12 - 10) + 5
-13
Evaluate 8 + 20 + -19 + -11.
-2
Calculate -1 + 0 - (-3 + -4 + 7).
-1
-24 - (-16 - 8 - -15)
-15
0 + 9 - (26 + -38 + 20)
1
What is the value of 2 + 13 - (-5 + (-1 - 3))?
24
Evaluate 13 + -2 - 12 - -3.
2
-202 - -237 - (36 + 5)
-6
What is -31 + 30 + (2 + 2 + -5 - -10)?
8
What is (-3 - -1 - 6) + 5 + 6 + -12?
-9
What is the value of 7 + (9 - (-6 - (10 - 26))) + -15?
-9
Evaluate 162 + -139 + (2 - 1) - 2.
22
Calculate 22 + (-102 - -63) - (2 + 2).
-21
What is -1 + -1 + -28 + -10 + 45?
5
What is the value of (0 - -10) + (-14 - (14 + -35))?
17
What is the value of (30 - 26) + -9 + 6 - 8?
-7
Evaluate 1 + (15 - 9) + -13 + -6.
-12
What is -2 + 0 + (53 - 52) + -14 + 0?
-15
What is the value of (49 - 30) + (-28 - -10)?
1
Calculate 14 + -21 + (5 - (-13 - -9)).
2
What is the value of -4 + -10 + 20 - (-6 - -2)?
10
What is -15 + 2 - -41 - 10 - 2?
16
Evaluate -2 - (27 + -29 - -33).
-33
Calculate -29 - (-10 - (12 - -38)).
31
0 + 15 - (161 + -147)
1
What is 6 + (22 - 9) + (12 - -1) + -1?
31
What is the value of 83 + -80 - (-2 - 9) - 39?
-25
0 - (3 - 7) - 8 - (4 + 1)
-9
(-84 - -87) + -5 + -2 - -12
8
What is 0 - -2 - (-197 - -191)?
8
What is -14 + (-8 - -13) + 16?
7
What is the value of 6 - (17 + 5 - 4) - 8?
-20
Evaluate 5 - (5 + -12) - 3.
9
What is (-3 - (6 + -1)) + (-40 - (22 - 54))?
-16
Calculate 3 + 5 - ((-6 - (-6 - -1)) + 8).
1
10 - ((-4 - -9 - 12) + 0)
17
Evaluate -1 + 1 + 13 + -25.
-12
-1 - (38 + -42 + (3 - (2 - 12)))
-10
30 - (64 - -2) - -20
-16
12 + (5 - (-6 + 15)) + -7
1
What is -13 + (8 - (-9 + 11))?
-7
What is the value of 3 + -1 + (-15 - -12) + 5?
4
Calculate -6 - (-26 + -3 + 10 + 11).
2
What is the value of -33 + 27 + (-1 - (-4 + -10))?
7
Calculate (30 - 36) + -7 + 5.
-8
-7 - (4 - -9 - 21)
1
What is -5 + 5 + -5 - (14 + -9 + -19)?
9
What is the value of 0 - (5 + 4 + (-10 - 4))?
5
What is -25 - (-4 + -10 + 0)?
-11
Evaluate -14 + 6 + 0 + -1 + 3 + -5.
-11
What is -11 + (10 - (-8 - (-44 - -12)))?
-25
Calculate 15 - (5 + (-5 - 4) + 12).
7
-24 - (3 - ((-18 - -27) + -13))
-31
Evaluate (-19 - (-7 - 3) - -19) + -20.
-10
What is the value of (18 - 14) + (-3 - -1 - 1) + 3?
4
What is the value of (-7 + 4 + -5 - -7) + 1 + -5?
-5
What is (124 + -134 - (16 + 2)) + 9?
-19
1 + -6 + 61 + -60
-4
What is the value of 10 + 8 + -32 + 24?
10
7 + -4 + -18 - -4 - (11 - -1)
-23
What is the value of -9 + (-8 - (1 - 10)) + 5?
-3
Calculate 2 - (22 + 0 + -7).
-13
Calculate 1 + 15 - 1 - (-28 - (-134 + 116)).
25
Calculate (2043 - 2074) + (1 - -23).
-7
1 - (-2 - -3) - (3 + -6 + -10)
13
Evaluate (-10 + 30 - 7 - 1) + (-5 - -4).
11
-42 - 16 - (3 - 33)
-28
Evaluate -13 + (0 - (-8 + 4)) + 15.
6
Evaluate 39 + -45 - (-2 - -5).
-9
What is -4 + (10 + -2 - (0 - -3)) - 25?
-24
What is (-12 - -6) + -4 + (-6 - (3 - 20))?
1
Calculate (-5 - (-9 + 3)) + (6 - 2) + -3.
2
Calculate -2 + 0 + (8 + -1 - (8 + -9)).
6
Evaluate (-3 - 0 - 2) + 0 + -35 + 33.
-7
What is the value of -23 - (14 - (59 + -27))?
-5
Calculate 21 - 7 - (-5 + 7 + 1).
11
Evaluate (44 - 36 - 0) + -45.
-37
What is -7 - (1 - 6 - (-1 + 7)) - -3?
7
Calculate -13 - (-42 + -16 + 34).
11
-4 - (5 - -6 - (-10 + 19))
-6
2 - 32 - (-26 + (15 - 1))
-18
Evaluate -1 + -1 + 2 + 9 + -14 - -15.
10
-9 - 8 - -26 - 35
-26
Calculate -4 + 1 + 2 + -5 + (-2 - -4).
-4
Evaluate -6 - (3 + -10 - (5 - (1 + 1))).
4
Evaluate (-4 - -5) + -4 + -3 + (8 - 12).
-10
What is (3 - (-8 - (-2 - (-6 + 10)))) + -15?
-10
What is 13 + (-15 - -1) + 1 + 6?
6
Calculate -7 + 1 + 12 + -1 + 1.
6
What is (3 - 2) + (9 + (-14 - 12) - -4)?
-12
What is the value of (6 - 14 - (0 + -4)) + -7?
-11
-1 + 19 + (-94 - -97) + 5
26
Calculate 0 + -6 + -5 + (23 - 6) + -5.
1
Calculate -24 - (-25 + 13 - -1).
-13
What is the value of (0 - -10 - (99 - 81)) + -9?
-17
What is the value of -1 - (7 - (2 - (-5 - 2)))?
1
Calculate (5 - ((2 - 16) + -11 + -2)) + -3.
29
-25 - (-3 + 2) - (188 - 184)
-28
64 - 52 - (2 + (3 - -1)) - 7
-1
(-6 - -4) + 19 - (-35 + 72)
-20
Calculate -57 + 52 - (1 - (0 + 2 - 14)).
-18
Evaluate -23 + (28 - (-4 + 10)).
-1
What is the value of 26 - (-18 + 50) - (-3 + 0)?
-3
Calculate 7 - (1 + 8 + 10 + -16).
4
What is -4 - (21 - (-15 + 31))?
-9
Evaluate -2 + -9 + (-65 - -61) + -12.
-27
Calculate -17 - (-19 + 8 + 4).
-10
Evaluate 22 + -2 + 4 + -12.
12
-1 - 3 - (-6 - (8 - (-10 + 22)))
-2
83 + -94 - (7 + -41)
23
Calculate -3 - (-17 + 0) - (-6 + 4).
16
What is the value of (-5 - (0 + 22)) + -10 + 0 + 10?
-27
What is the value of -6 + (4 - (-3 - 2)) + 2?
5
-12 + (9 - (-10 + (-7 - -14)))
0
(4 - 9 - -3) + (-5 - (-12 - -2))
3
Calculate -12 + 1 + (21 - 15 - (2 + 1)).
-8
Evaluate 0 - 10 - (187 + -198).
1
What is -1 + (0 + 0 - (4 - -5)) - 2?
-12
Evaluate -4 + 1 + 4 - -15.
16
197 + -201 - (-14 - 0)
10
What is (14 + -2 - 7) + 20 + -28?
-3
(7 - (-18 + 10) - 20) + (10 - 2)
3
Calculate 4 - (2 + (0 - 6) + 5).
3
Calculate 5 + -15 + (-18 - -22).
-6
Calculate (-4 + 9 - 6) + 17.
16
Evaluate -5 + 0 - (14 - 19).
0
Calculate (3 - 1) + -7 - (11 + -2 + -6).
-8
Evaluate 24 + 111 + -128 - (-1 - 5 - -1).
12
What is 3 + 20 + -405 + 400?
18
Calculate 8 - (-12 + 0 + 5) - 9.
6
What is the value of -1 - 0 - (181 - 161)?
-21
7 + -11 + 10 + 23
29
What is 24 + (-9 - -5) + -4?
16
What is -218 + 207 + (3 - 0 - (1 - 1))?
-8
What is (-7 - (-10 + 9 - 8)) + (-1 - 3)?
-2
What is (22 - 45) + 26 + (-1 - -6) - -5?
13
What is the value of 17 - (-5 - (19 - 41))?
0
What is the value of 26 - (-32 + 45 + -17 + 1)?
29
What is the value of -11 + 5 + -5 - (17 + -24)?
-4
(-2 - -16) + (-2 - (-3 - 0)) - -4
19
Evaluate 0 + -1 + 7 + -3 + -3 + 1.
1
Calculate 18 - (18 + (16 - -4)).
-20
Calculate (14 - (-20 - -62)) + 11.
-17
What is the value of -3 + (-12 - -22) + (-2 - (0 + -5))?
10
Evaluate 10 - (-23 + 28 - 15).
20
Calculate 601 + -578 - ((11 - 0) + 3 + -5).
14
(141 + -136 - (-2 - 0)) + -1 + 6
12
7 + (1 - 2 - 7) - 6
-7
Evaluate (-19 - (1 - (0 + 9))) + -3.
-14
Calculate -11 - -21 - (3 - -5 - 2 - 15).
19
Evaluate -2 - -10 - (13 - 3 - (0 - -7)).
5
Evaluate (-32 - -6) + (-1 - -18) + -15.
-24
21 - (-10 - (-6 + -3))
22
Calculate 12 - (-19 + 16) - 1.
14
Evaluate (-10 - (2 + -5)) + (-11 + 20 - 10).
-8
-12 - -6 - (-1 - (2 - 6) - 25)
16
4 + -2 + (-12 - -4) + 2
-4
Calculate -1 + 4 - (5 + -12 + (-34 - -42)).
2
What is the value of -14 + 3 + -1 - (-1 + 0 - 6)?
-5
Evaluate 6 + 1 - (13 + -10 + 16).
-12
Evaluate (-6 - (20 - 12)) + 1 + 41.
28
(-32 - 17) + 8 - -27
-14
What is (-3 - (3 + 6 + -4)) + -2?
-10
-7 + (135 - 133) + (-8 - (-1 - -2))
-14
What is the value of -23 - (17 + -25 + 3 + 2 + -3)?
-17
Calculate 21 + (-12 - -2 - -1 - 3).
9
What is -5 - (14 - -1 - (-1 + (-4 - -4)))?
-21
What is the value of -218 + 205 + (-1 - (-31 + 1))?
16
(0 - (1 + 12)) + (-3 - -8) + -3
-11
What is the value of (0 - -3 - 1) + -2 + -57 + 50?
-7
-52 - -64 - (4 - 1 - 1)
10
What is -62 - -34 - -18 - (1 + -16 - 1)?
6
5 - ((1 - ((-4 - -5) + -2)) + 0)
3
What is the value of -1 + -3 + (3 - 12) - -2?
-11
(6 + -9 - -10 - 6) + 4 + -18
-13
What is the value of 3